[INFO] cloning repository https://github.com/ithinuel/sandbox
[INFO] running `Command { std: "git" "-c" "credential.helper=" "-c" "credential.helper=/workspace/cargo-home/bin/git-credential-null" "clone" "--bare" "https://github.com/ithinuel/sandbox" "/workspace/cache/git-repos/https%3A%2F%2Fgithub.com%2Fithinuel%2Fsandbox", kill_on_drop: false }`
[INFO] [stderr] Cloning into bare repository '/workspace/cache/git-repos/https%3A%2F%2Fgithub.com%2Fithinuel%2Fsandbox'...
[INFO] running `Command { std: "git" "rev-parse" "HEAD", kill_on_drop: false }`
[INFO] [stdout] 2851719ec975d9f75ec4baeb99cbc2d94da4bda7
[INFO] checking ithinuel/sandbox against master#cfbc6d4cf1acbac5c025acf8ed68929caa551df3 for pr-75494-beta
[INFO] running `Command { std: "git" "clone" "/workspace/cache/git-repos/https%3A%2F%2Fgithub.com%2Fithinuel%2Fsandbox" "/workspace/builds/worker-8/source", kill_on_drop: false }`
[INFO] [stderr] Cloning into '/workspace/builds/worker-8/source'...
[INFO] [stderr] done.
[INFO] validating manifest of git repo https://github.com/ithinuel/sandbox on toolchain cfbc6d4cf1acbac5c025acf8ed68929caa551df3
[INFO] running `Command { std: "/workspace/cargo-home/bin/cargo" "+cfbc6d4cf1acbac5c025acf8ed68929caa551df3" "read-manifest" "--manifest-path" "Cargo.toml", kill_on_drop: false }`
[INFO] started tweaking git repo https://github.com/ithinuel/sandbox
[INFO] finished tweaking git repo https://github.com/ithinuel/sandbox
[INFO] tweaked toml for git repo https://github.com/ithinuel/sandbox written to /workspace/builds/worker-8/source/Cargo.toml
[INFO] crate git repo https://github.com/ithinuel/sandbox already has a lockfile, it will not be regenerated
[INFO] running `Command { std: "/workspace/cargo-home/bin/cargo" "+cfbc6d4cf1acbac5c025acf8ed68929caa551df3" "fetch" "--locked" "--manifest-path" "Cargo.toml", kill_on_drop: false }`
[INFO] running `Command { std: "docker" "create" "-v" "/var/lib/crater-agent-workspace/builds/worker-8/target:/opt/rustwide/target:rw,Z" "-v" "/var/lib/crater-agent-workspace/builds/worker-8/source:/opt/rustwide/workdir:ro,Z" "-v" "/var/lib/crater-agent-workspace/cargo-home:/opt/rustwide/cargo-home:ro,Z" "-v" "/var/lib/crater-agent-workspace/rustup-home:/opt/rustwide/rustup-home:ro,Z" "-e" "SOURCE_DIR=/opt/rustwide/workdir" "-e" "CARGO_TARGET_DIR=/opt/rustwide/target" "-e" "CARGO_HOME=/opt/rustwide/cargo-home" "-e" "RUSTUP_HOME=/opt/rustwide/rustup-home" "-w" "/opt/rustwide/workdir" "-m" "1610612736" "--user" "0:0" "--network" "none" "rustops/crates-build-env@sha256:a636fd89d022f18117e1dc8fb37a0a009933cdbbe082814857f0e2024962d47c" "/opt/rustwide/cargo-home/bin/cargo" "+cfbc6d4cf1acbac5c025acf8ed68929caa551df3" "metadata" "--no-deps" "--format-version=1", kill_on_drop: false }`
[INFO] [stdout] 4328fee41c701cbaefa43dbc7dd1024ad0a08bbaff6b788115b257bc2b39db84
[INFO] [stderr] WARNING: Your kernel does not support swap limit capabilities or the cgroup is not mounted. Memory limited without swap.
[INFO] running `Command { std: "docker" "start" "-a" "4328fee41c701cbaefa43dbc7dd1024ad0a08bbaff6b788115b257bc2b39db84", kill_on_drop: false }`
[INFO] running `Command { std: "docker" "inspect" "4328fee41c701cbaefa43dbc7dd1024ad0a08bbaff6b788115b257bc2b39db84", kill_on_drop: false }`
[INFO] running `Command { std: "docker" "rm" "-f" "4328fee41c701cbaefa43dbc7dd1024ad0a08bbaff6b788115b257bc2b39db84", kill_on_drop: false }`
[INFO] [stdout] 4328fee41c701cbaefa43dbc7dd1024ad0a08bbaff6b788115b257bc2b39db84
[INFO] running `Command { std: "docker" "create" "-v" "/var/lib/crater-agent-workspace/builds/worker-8/target:/opt/rustwide/target:rw,Z" "-v" "/var/lib/crater-agent-workspace/builds/worker-8/source:/opt/rustwide/workdir:ro,Z" "-v" "/var/lib/crater-agent-workspace/cargo-home:/opt/rustwide/cargo-home:ro,Z" "-v" "/var/lib/crater-agent-workspace/rustup-home:/opt/rustwide/rustup-home:ro,Z" "-e" "SOURCE_DIR=/opt/rustwide/workdir" "-e" "CARGO_TARGET_DIR=/opt/rustwide/target" "-e" "CARGO_INCREMENTAL=0" "-e" "RUST_BACKTRACE=full" "-e" "RUSTFLAGS=--cap-lints=forbid" "-e" "CARGO_HOME=/opt/rustwide/cargo-home" "-e" "RUSTUP_HOME=/opt/rustwide/rustup-home" "-w" "/opt/rustwide/workdir" "-m" "1610612736" "--user" "0:0" "--network" "none" "rustops/crates-build-env@sha256:a636fd89d022f18117e1dc8fb37a0a009933cdbbe082814857f0e2024962d47c" "/opt/rustwide/cargo-home/bin/cargo" "+cfbc6d4cf1acbac5c025acf8ed68929caa551df3" "check" "--frozen" "--all" "--all-targets" "--message-format=json", kill_on_drop: false }`
[INFO] [stdout] 17496dedfd2cb4f1af61f4a05b31f6da49a2e3e4d667b94fcda659d0916955f2
[INFO] [stderr] WARNING: Your kernel does not support swap limit capabilities or the cgroup is not mounted. Memory limited without swap.
[INFO] running `Command { std: "docker" "start" "-a" "17496dedfd2cb4f1af61f4a05b31f6da49a2e3e4d667b94fcda659d0916955f2", kill_on_drop: false }`
[INFO] [stderr]     Blocking waiting for file lock on package cache
[INFO] [stderr]     Checking num-traits v0.1.36
[INFO] [stderr]     Checking libc v0.2.17
[INFO] [stderr]     Checking rustc-serialize v0.3.21
[INFO] [stderr]     Checking rand v0.3.15
[INFO] [stderr]     Checking num_cpus v1.1.0
[INFO] [stderr]     Checking num-integer v0.1.32
[INFO] [stderr]     Checking num-iter v0.1.32
[INFO] [stderr]     Checking num-bigint v0.1.35
[INFO] [stderr]     Checking num-complex v0.1.35
[INFO] [stderr]     Checking num-rational v0.1.35
[INFO] [stderr]     Checking num v0.1.36
[INFO] [stderr]     Checking sandbox v0.1.0 (/opt/rustwide/workdir)
[INFO] [stdout] error[E0554]: `#![feature]` may not be used on the beta release channel
[INFO] [stdout]  --> src/main.rs:1:1
[INFO] [stdout]   |
[INFO] [stdout] 1 | #![feature(step_trait)]
[INFO] [stdout]   | ^^^^^^^^^^^^^^^^^^^^^^^
[INFO] [stdout] 
[INFO] [stdout] 
[INFO] [stdout] error[E0432]: unresolved import `qc`
[INFO] [stdout]    --> src/float/conv.rs:144:9
[INFO] [stdout]     |
[INFO] [stdout] 144 |     use qc::{I32, U32, I64, U64, F32, F64};
[INFO] [stdout]     |         ^^ maybe a missing crate `qc`?
[INFO] [stdout] 
[INFO] [stdout] 
[INFO] [stdout] error: cannot find macro `check` in this scope
[INFO] [stdout]    --> src/float/conv.rs:146:5
[INFO] [stdout]     |
[INFO] [stdout] 146 |     check! {
[INFO] [stdout]     |     ^^^^^
[INFO] [stdout] 
[INFO] [stdout] 
[INFO] [stdout] error[E0554]: `#![feature]` may not be used on the beta release channel
[INFO] [stdout]  --> src/main.rs:1:1
[INFO] [stdout]   |
[INFO] [stdout] 1 | #![feature(step_trait)]
[INFO] [stdout]   | ^^^^^^^^^^^^^^^^^^^^^^^
[INFO] [stdout] 
[INFO] [stdout] 
[INFO] [stdout] error: aborting due to previous error
[INFO] [stdout] 
[INFO] [stdout] 
[INFO] [stdout] For more information about this error, try `rustc --explain E0554`.
[INFO] [stdout] 
[INFO] [stderr] error: could not compile `sandbox`.
[INFO] [stderr] 
[INFO] [stderr] To learn more, run the command again with --verbose.
[INFO] [stderr] warning: build failed, waiting for other jobs to finish...
[INFO] [stdout] error: aborting due to 3 previous errors
[INFO] [stdout] 
[INFO] [stdout] 
[INFO] [stdout] Some errors have detailed explanations: E0432, E0554.
[INFO] [stdout] 
[INFO] [stdout] For more information about an error, try `rustc --explain E0432`.
[INFO] [stdout] 
[INFO] [stderr] error: build failed
[INFO] running `Command { std: "docker" "inspect" "17496dedfd2cb4f1af61f4a05b31f6da49a2e3e4d667b94fcda659d0916955f2", kill_on_drop: false }`
[INFO] running `Command { std: "docker" "rm" "-f" "17496dedfd2cb4f1af61f4a05b31f6da49a2e3e4d667b94fcda659d0916955f2", kill_on_drop: false }`
[INFO] [stdout] 17496dedfd2cb4f1af61f4a05b31f6da49a2e3e4d667b94fcda659d0916955f2
